12) in base 16?
-750
Convert -10546 (base 7) to base 10.
-2680
Convert de9 (base 15) to base 7.
12111
Convert 2231433 (base 5) to base 16.
9ac2
Convert -19 (base 11) to base 14.
-16
What is 2202001 (base 3) in base 6?
13131
Convert 10463 (base 8) to base 16.
1133
Convert -699 (base 16) to base 5.
-23224
41004 (base 7) to base 3
111122120
What is -4113331 (base 5) in base 13?
-244a0
What is 152b (base 13) in base 10?
3079
What is 6ff (base 16) in base 5?
24131
-30310 (base 4) to base 15
-39a
30a1 (base 14) to base 3
102111010
Convert 2104 (base 5) to base 10.
279
-2287 (base 9) to base 10
-1699
28e9 (base 16) to base 3
112100220
What is 26506 (base 7) in base 2?
1101111000111
What is 210 (base 14) in base 13?
253
Convert -102023 (base 4) to base 11.
-968
Convert 1ca (base 14) to base 10.
374
Convert 9960 (base 10) to base 4.
2123220
Convert -2121221100 (base 3) to base 16.
-ca02
What is -22301110 (base 4) in base 13?
-17107
Convert -15137 (base 11) to base 4.
-11033101
Convert 229 (base 14) to base 5.
3204
Convert -12b5 (base 14) to base 12.
-1aa7
What is -8663 (base 9) in base 12?
-3833
Convert -22252 (base 9) to base 7.
-61055
10202122 (base 3) to base 7
11000
Convert 2113402 (base 5) to base 13.
131c0
-1124 (base 9) to base 10
-832
-1327 (base 12) to base 7
-6250
What is -1ac (base 13) in base 9?
-375
Convert -1734 (base 14) to base 4.
-1001002
2b17 (base 16) to base 14
403d
-e31 (base 16) to base 9
-4876
Convert 3130 (base 4) to base 12.
164
What is 2342 (base 5) in base 9?
425
What is -10011000000 (base 2) in base 5?
-14331
19561 (base 10) to base 13
8b99
What is 2005 (base 6) in base 2?
110110101
-2174 (base 10) to base 13
-cb3
Convert -33553 (base 8) to base 14.
-5255
What is 16642 (base 7) in base 14?
1a59
-a447 (base 13) to base 9
-34127
What is 224331 (base 6) in base 12?
b0a7
Convert -2 (base 4) to base 3.
-2
Convert 8b8 (base 14) to base 11.
1333
Convert 10101001100010 (base 2) to base 13.
4c28
Convert b (base 14) to base 2.
1011
Convert 110211211 (base 3) to base 7.
36205
-307 (base 10) to base 4
-10303
3b5e (base 16) to base 14
5778
What is -110101001 (base 2) in base 10?
-425
What is -111101120 (base 3) in base 14?
-37b4
7335 (base 11) to base 16
25f6
Convert -12001113 (base 4) to base 16.
-6057
Convert 684 (base 14) to base 7.
3524
1352 (base 8) to base 7
2114
662 (base 8) to base 12
302
Convert 24c (base 15) to base 13.
312
What is -1512 (base 6) in base 12?
-298
-102655 (base 7) to base 11
-12437
What is 14692 (base 12) in base 5?
1403442
What is -21c0 (base 14) in base 8?
-13334
-2042 (base 6) to base 14
-24a
13011332 (base 4) to base 12
14992
-3112 (base 6) to base 9
-848
20312 (base 4) to base 2
1000110110
3688 (base 15) to base 14
432b
What is -1000010111 (base 2) in base 4?
-20113
What is -300 (base 10) in base 16?
-12c
What is 1301 (base 8) in base 7?
2025
What is 9c60 (base 15) in base 2?
1000000110001101
What is 2102 (base 3) in base 14?
49
22233 (base 4) to base 6
3103
a462 (base 12) to base 3
220121002
379 (base 11) to base 2
111000001
What is -3c8b (base 13) in base 5?
-234414
25a (base 15) to base 2
1000010111
Convert -114030 (base 5) to base 10.
-4265
What is 123202 (base 6) in base 3?
120012202
-371 (base 8) to base 14
-13b
4a82 (base 13) to base 2
10100101011000
Convert -13220 (base 5) to base 11.
-884
What is 11070 (base 9) in base 7?
30303
Convert 86 (base 14) to base 3.
11101
Convert 310c (base 14) to base 3.
102120121
What is -100111 (base 3) in base 2?
-100000000
50378 (base 9) to base 8
100537
What is 222022 (base 3) in base 4?
23012
Convert 849a (base 11) to base 7.
44526
Convert -11373 (base 10) to base 12.
-66b9
Convert -2706 (base 8) to base 5.
-21403
Convert -313 (base 10) to base 2.
-100111001
Convert -3311 (base 4) to base 6.
-1045
What is 1518 (base 10) in base 4?
113232
Convert -721 (base 11) to base 10.
-870
What is -102221020 (base 3) in base 15?
-28a0
db (base 15) to base 12
152
-3a9 (base 12) to base 9
-683
25053 (base 7) to base 2
1100110011011
Convert 1233 (base 8) to base 4.
22123
Convert -4b8 (base 14) to base 4.
-32302
What is -11110110110111 (base 2) in base 3?
-210200011
Convert ddc4 (base 15) to base 10.
46984
Convert -11386 (base 14) to base 5.
-2314431
What is -111011010111111 (base 2) in base 12?
-15713
What is 2001100 (base 3) in base 15?
699
What is b (base 14) in base 13?
b
-1024 (base 16) to base 12
-2484
Convert 515553 (base 6) to base 14.
11181
Convert -203 (base 11) to base 15.
-115
2238 (base 9) to base 2
11001110111
-a033 (base 13) to base 15
-67c7
What is 105246 (base 7) in base 5?
1044104
-1022122101 (base 3) to base 5
-1312414
What is d4b (base 15) in base 2?
101110110100
What is 5f7c (base 16) in base 9?
36470
-20022122 (base 3) to base 14
-1971
What is -102 (base 7) in base 12?
-43
Convert -1782 (base 12) to base 14.
-1066
Convert -1225 (base 10) to base 11.
-a14
-b39 (base 12) to base 14
-845
-1908 (base 13) to base 14
-1502
What is -3242 (base 9) in base 4?
-211103
-111000111111 (base 2) to base 6
-24515
Convert -3203 (base 6) to base 2.
-1011010011
What is 1000 (base 3) in base 10?
27
23003302 (base 4) to base 10
45298
What is -149 (base 12) in base 4?
-3021
16d (base 15) to base 7
646
Convert 13020 (base 4) to base 16.
1c8
Convert -4b00 (base 13) to base 11.
-7aaa
What is -4234 (base 7) in base 12?
-a47
Convert 1302 (base 10) to base 14.
690
Convert -1110011001010100 (base 2) to base 15.
-1270e
Convert 100111011 (base 2) to base 3.
102200
What is -2344 (base 6) in base 9?
-701
111011100 (base 2) to base 13
2a8
What is 665 (base 11) in base 16?
31d
Convert -2802 (base 9) to base 6.
-13432
c7 (base 13) to base 6
431
Convert -530d (base 14) to base 16.
-37f1
What is 1010001010 (base 2) in base 6?
3002
What is 2111011 (base 3) in base 2?
11100010101
Convert -14a26 (base 14) to base 5.
-3121021
-6593 (base 10) to base 15
-1e48
Convert 1566 (base 11) to base 14.
a36
Convert -24aa (base 15) to base 12.
-462a
What is -334 (base 13) in base 10?
-550
-156342 (base 7) to base 9
-46526
Convert 23a5 (base 13) to base 5.
130121
Convert -132313 (base 4) to base 9.
-2634
2114 (base 6) to base 14
262
Convert 10331 (base 4) to base 10.
317
What is 186b (base 16) in base 5?
200001
Convert -460 (base 8) to base 7.
-613
113355 (base 6) to base 11
7457
97b (base 14) to base 6
12401
2122220 (base 5) to base 12
18967
504 (base 6) to base 10
184
What is 1142 (base 8) in base 2?
1001100010
What is 45244 (base 10) in base 6?
545244
Convert 10100100010 (base 2) to base 13.
7a1
What is 8767 (base 12) in base 9?
22407
-5734 (base 9) to base 13
-1c15
What is 14207 (base 10) in base 6?
145435
-15222 (base 6) to base 14
-c7c
20131 (base 9) to base 2
11001110101111
-1012000021 (base 3) to base 2
-101101100100111
Convert -97 (base 11) to base 15.
-71
3c9 (base 13) to base 2
1010100000
Convert -5402 (base 7) to base 16.
-779
What is -29f6 (base 16) in base 7?
-43214
Convert 20616 (base 9) to base 12.
7a73
-10c7 (base 13) to base 6
-14532
What is 90 (base 14) in base 11?
105
What is 144424 (base 5) in base 14?
23b9
-1441 (base 13) to base 4
-231232
-22221012 (base 3) to base 11
-4990
2112 (base 10) to base 16
840
Convert -102210 (base 4) to base 8.
-2244
Convert -11212331 (base 4) to base 13.
-a5c2
What is -101001010 (base 2) in base 14?
-198
What is 11319 (base 13) in base 4?
13220313
What is -20a00 (base 12) in base 8?
-123640
What is 47613 (base 9) in base 4?
13301211
What is 1011010011 (base 2) in base 7?
2052
Convert -d1e (base 16) to base 14.
-131c
What is -32110 (base 4) in base 16?
-394
Convert -1325 (base 7) to base 16.
-1fd
What is -4d5 (base 16) in base 9?
-1624
Convert -4c6 (base 14) to base 12.
-67a
What is 55f (base 16) in base 13?
81a
Convert 475 (base 11) to base 13.
347
11010111111000 (base 2) to base 4
3113320
Convert -15823 (base 9) to base 15.
-3350
What is 133011 (base 4) in base 11?
1549
Convert -452044 (base 7) to base 15.
-18a51
Convert -40512 (base 6) to base 8.
-12374
Convert 20222010 (base 3) to base 2.
1001111010111
What is -1322 (base 5) in base 15?
-e2
2b2 (base 15) to base 11
511
What is -101111111000010 (base 2) in base 11?
-17466
What is -14240 (base 13) in base 15?
-b2ae
1105 (base 8) to base 5
4311
What is 1416 (base 7) in base 12?
3a0
11000110010 (base 2) to ba